{"id":3124,"date":"2022-04-01T15:48:14","date_gmt":"2022-04-01T13:48:14","guid":{"rendered":"https:\/\/www.pediatrics.cz\/sekce-a-pracovni-skupiny\/sekce-intenzivni-mediciny\/akce-planovane\/"},"modified":"2026-04-07T11:04:12","modified_gmt":"2026-04-07T09:04:12","slug":"akce-planovane","status":"publish","type":"page","link":"https:\/\/www.pediatrics.cz\/sekce-a-pracovni-skupiny\/sekce-intenzivni-mediciny\/akce-planovane\/","title":{"rendered":"Akce pl\u00e1novan\u00e9"},"content":{"rendered":"\n<p class=\"wp-block-paragraph\">o <strong><a href=\"https:\/\/spissls.sk\/docs\/vn26\/Prv%C3%A1%20inform%C3%A1cia%20Val%C4%8Dianske%20n%C3%A1strahy%202026.pdf\" target=\"_blank\" rel=\"noreferrer noopener\">8.Val\u010diansk\u00e9 n\u00e1strahy a Internal meeting SPAIM SSAIM<\/a><\/strong><br>28.5. \u2013 30.5. 2026<\/p>\n\n\n\n<p class=\"wp-block-paragraph\">o <strong><a href=\"https:\/\/wfpiccs.org\/event\/espnic-2026\/\" target=\"_blank\" rel=\"noreferrer noopener\">ESPNIC, European society of pediatric and neonatal intensive care<\/a><\/strong><br>16.6. \u2013 19.6. 2026, Malta<\/p>\n\n\n\n<p class=\"wp-block-paragraph\">o <strong><a href=\"https:\/\/www.pediatrics.cz\/pediatrie-2023\/\" target=\"_blank\" rel=\"noreferrer noopener\">Pediatrick\u00fd kongres<\/a><\/strong><br>17.9. \u2013 19.9. 2026, Hradec Kr\u00e1lov\u00e9<\/p>\n\n\n\n<p class=\"wp-block-paragraph\">o <strong><a href=\"https:\/\/wfpiccs.org\/\" target=\"_blank\" rel=\"noreferrer noopener\">WFPICCS, World Federation of Pediatric Intensive and Critical Care Societes<\/a><\/strong><br>26.9. \u2013 30.9. 2026, Melbourne, Australia<\/p>\n\n\n\n<p class=\"wp-block-paragraph\"><\/p>\n","protected":false},"excerpt":{"rendered":"<p>o 8.Val\u010diansk\u00e9 n\u00e1strahy a Internal meeting SPAIM SSAIM28.5. \u2013 30.5. 2026 o ESPNIC, European society of pediatric and [&hellip;]<\/p>\n","protected":false},"author":2,"featured_media":0,"parent":157,"menu_order":59,"comment_status":"closed","ping_status":"closed","template":"","meta":{"_acf_changed":false,"kia_subtitle":"","footnotes":""},"class_list":["post-3124","page","type-page","status-publish","hentry"],"acf":[],"lang":"cs","translations":{"cs":3124},"pll_sync_post":[],"_links":{"self":[{"href":"https:\/\/www.pediatrics.cz\/api\/wp\/v2\/pages\/3124","targetHints":{"allow":["GET"]}}],"collection":[{"href":"https:\/\/www.pediatrics.cz\/api\/wp\/v2\/pages"}],"about":[{"href":"https:\/\/www.pediatrics.cz\/api\/wp\/v2\/types\/page"}],"author":[{"embeddable":true,"href":"https:\/\/www.pediatrics.cz\/api\/wp\/v2\/users\/2"}],"replies":[{"embeddable":true,"href":"https:\/\/www.pediatrics.cz\/api\/wp\/v2\/comments?post=3124"}],"version-history":[{"count":20,"href":"https:\/\/www.pediatrics.cz\/api\/wp\/v2\/pages\/3124\/revisions"}],"predecessor-version":[{"id":7180,"href":"https:\/\/www.pediatrics.cz\/api\/wp\/v2\/pages\/3124\/revisions\/7180"}],"up":[{"embeddable":true,"href":"https:\/\/www.pediatrics.cz\/api\/wp\/v2\/pages\/157"}],"wp:attachment":[{"href":"https:\/\/www.pediatrics.cz\/api\/wp\/v2\/media?parent=3124"}],"curies":[{"name":"wp","href":"https:\/\/api.w.org\/{rel}","templated":true}]}}

Akce plánované

<p class="wp-block-paragraph">o <strong><a href="https://spissls.sk/docs/vn26/Prv%C3%A1%20inform%C3%A1cia%20Val%C4%8Dianske%20n%C3%A1strahy%202026.pdf" target="_blank" rel="noreferrer noopener">8.Valčianské nástrahy a Internal meeting SPAIM SSAIM</a></strong><br>28.5. – 30.5. 2026</p>



<p class="wp-block-paragraph">o <strong><a href="https://wfpiccs.org/event/espnic-2026/" target="_blank" rel="noreferrer noopener">ESPNIC, European society of pediatric and neonatal intensive care</a></strong><br>16.6. – 19.6. 2026, Malta</p>



<p class="wp-block-paragraph">o <strong><a href="https://www.pediatrics.cz/pediatrie-2023/" target="_blank" rel="noreferrer noopener">Pediatrický kongres</a></strong><br>17.9. – 19.9. 2026, Hradec Králové</p>



<p class="wp-block-paragraph">o <strong><a href="https://wfpiccs.org/" target="_blank" rel="noreferrer noopener">WFPICCS, World Federation of Pediatric Intensive and Critical Care Societes</a></strong><br>26.9. – 30.9. 2026, Melbourne, Australia</p>



<p class="wp-block-paragraph"></p>

<p>o 8.Valčianské nástrahy a Internal meeting SPAIM SSAIM28.5. – 30.5. 2026 o ESPNIC, European society of pediatric and [&hellip;]</p>
