{"id":3230,"date":"2022-04-01T17:49:53","date_gmt":"2022-04-01T15:49:53","guid":{"rendered":"https:\/\/www.pediatrics.cz\/sekce-a-pracovni-skupiny\/sekce-intenzivni-mediciny\/covid-19\/specificka-lecba-dospelych-pacientu-s-infekci-covid-19\/"},"modified":"2022-04-01T20:28:47","modified_gmt":"2022-04-01T18:28:47","slug":"specificka-lecba-dospelych-pacientu-s-infekci-covid-19","status":"publish","type":"page","link":"https:\/\/www.pediatrics.cz\/sekce-a-pracovni-skupiny\/sekce-intenzivni-mediciny\/covid-19\/specificka-lecba-dospelych-pacientu-s-infekci-covid-19\/","title":{"rendered":"Specifick\u00e1 l\u00e9\u010dba dosp\u011bl\u00fdch pacient\u016f s&nbsp;infekc\u00ed COVID-19"},"content":{"rendered":"\n<div data-wp-interactive=\"core\/file\" class=\"block-file\"><object data-wp-bind--hidden=\"!state.hasPdfPreview\" hidden class=\"block-file__embed\" data=\"https:\/\/www.pediatrics.cz\/content\/uploads\/2022\/04\/specificka-lecba-dospelych-pacientu-s-infekci-covid-19.pdf\" type=\"application\/pdf\" style=\"width:100%;height:800px\" aria-label=\"Vlo\u017eit z Vlo\u017eit z Specifick\u00e1 l\u00e9\u010dba dosp\u011bl\u00fdch pacient\u016f s infekc\u00ed COVID-19..\"><\/object><a id=\"wp-block-file--media-951662c4-4d6f-4bd0-8786-12f29668d9cf\" href=\"https:\/\/www.pediatrics.cz\/content\/uploads\/2022\/04\/specificka-lecba-dospelych-pacientu-s-infekci-covid-19.pdf\">Specifick\u00e1 l\u00e9\u010dba dosp\u011bl\u00fdch pacient\u016f s infekc\u00ed COVID-19<\/a><a href=\"https:\/\/www.pediatrics.cz\/content\/uploads\/2022\/04\/specificka-lecba-dospelych-pacientu-s-infekci-covid-19.pdf\" class=\"block-file__button\" download aria-describedby=\"wp-block-file--media-951662c4-4d6f-4bd0-8786-12f29668d9cf\">St\u00e1hnout<\/a><\/div>\n","protected":false},"excerpt":{"rendered":"","protected":false},"author":2,"featured_media":0,"parent":3116,"menu_order":73,"comment_status":"closed","ping_status":"closed","template":"","meta":{"_acf_changed":false,"kia_subtitle":"","footnotes":""},"class_list":["post-3230","page","type-page","status-publish","hentry"],"acf":[],"lang":"cs","translations":{"cs":3230},"pll_sync_post":[],"_links":{"self":[{"href":"https:\/\/www.pediatrics.cz\/api\/wp\/v2\/pages\/3230","targetHints":{"allow":["GET"]}}],"collection":[{"href":"https:\/\/www.pediatrics.cz\/api\/wp\/v2\/pages"}],"about":[{"href":"https:\/\/www.pediatrics.cz\/api\/wp\/v2\/types\/page"}],"author":[{"embeddable":true,"href":"https:\/\/www.pediatrics.cz\/api\/wp\/v2\/users\/2"}],"replies":[{"embeddable":true,"href":"https:\/\/www.pediatrics.cz\/api\/wp\/v2\/comments?post=3230"}],"version-history":[{"count":2,"href":"https:\/\/www.pediatrics.cz\/api\/wp\/v2\/pages\/3230\/revisions"}],"predecessor-version":[{"id":3268,"href":"https:\/\/www.pediatrics.cz\/api\/wp\/v2\/pages\/3230\/revisions\/3268"}],"up":[{"embeddable":true,"href":"https:\/\/www.pediatrics.cz\/api\/wp\/v2\/pages\/3116"}],"wp:attachment":[{"href":"https:\/\/www.pediatrics.cz\/api\/wp\/v2\/media?parent=3230"}],"curies":[{"name":"wp","href":"https:\/\/api.w.org\/{rel}","templated":true}]}}

Specifická léčba dospělých pacientů s&nbsp;infekcí COVID-19

<div data-wp-interactive="core/file" class="block-file"><object data-wp-bind--hidden="!state.hasPdfPreview" hidden class="block-file__embed" data="https://www.pediatrics.cz/content/uploads/2022/04/specificka-lecba-dospelych-pacientu-s-infekci-covid-19.pdf" type="application/pdf" style="width:100%;height:800px" aria-label="Vložit z Vložit z Specifická léčba dospělých pacientů s infekcí COVID-19.."></object><a id="wp-block-file--media-951662c4-4d6f-4bd0-8786-12f29668d9cf" href="https://www.pediatrics.cz/content/uploads/2022/04/specificka-lecba-dospelych-pacientu-s-infekci-covid-19.pdf">Specifická léčba dospělých pacientů s infekcí COVID-19</a><a href="https://www.pediatrics.cz/content/uploads/2022/04/specificka-lecba-dospelych-pacientu-s-infekci-covid-19.pdf" class="block-file__button" download aria-describedby="wp-block-file--media-951662c4-4d6f-4bd0-8786-12f29668d9cf">Stáhnout</a></div>
