{"id":4078,"date":"2023-01-25T21:34:12","date_gmt":"2023-01-25T20:34:12","guid":{"rendered":"https:\/\/www.pediatrics.cz\/?page_id=4078"},"modified":"2023-01-25T21:35:34","modified_gmt":"2023-01-25T20:35:34","slug":"doporucene-postupy-cps","status":"publish","type":"page","link":"https:\/\/www.pediatrics.cz\/pro-odborniky\/doporucene-postupy-guidelines\/doporucene-postupy-cps\/","title":{"rendered":"Doporu\u010den\u00e9 postupy \u010cPS"},"content":{"rendered":"\n<h6 class=\"has-text-align-center block-heading\">Doporu\u010den\u00ed Sekce d\u011btsk\u00e9 paliativn\u00ed p\u00e9\u010de \u010cSPM \u010cLS JEP k pandemii COVID-19<\/h6>\n\n\n\n<p class=\"has-text-align-center wp-block-paragraph\">Ke sta\u017een\u00ed <strong><strong><a rel=\"noreferrer noopener\" href=\"https:\/\/www.pediatrics.cz\/content\/uploads\/2020\/04\/doporuceni-sekce-detske-paliativni-pece-covid-19.pdf\" target=\"_blank\">zde<\/a><\/strong><\/strong><\/p>\n\n\n\n<hr class=\"block-separator\"\/>\n\n\n\n<h6 class=\"has-text-align-center block-heading\">Dop. postup: Syndrom multisyst\u00e9mov\u00e9 z\u00e1n\u011btliv\u00e9 odpov\u011bdi asociovan\u00fd s COVID-19 u d\u011bt\u00ed (12. 1. 2021)<\/h6>\n\n\n\n<p class=\"has-text-align-center wp-block-paragraph\">Ke sta\u017een\u00ed <a rel=\"noreferrer noopener\" href=\"https:\/\/www.pediatrics.cz\/content\/uploads\/2021\/11\/syndrom-multisyste%CC%81move%CC%81-za%CC%81ne%CC%8Ctlive%CC%81-odpove%CC%8Cdi-asociovany%CC%81-s-covid-19-u-de%CC%8Cti%CC%81_1.._.pdf\" target=\"_blank\"><strong>zde<\/strong>.<\/a> <br><em>Citace: FENCL, Filip, Michaela \u0160IB\u00cdKOV\u00c1, Jan DAVID a Hana MALCOV\u00c1. Syndrom\u00a0multisyst\u00e9mov\u00e9 z\u00e1n\u011btliv\u00e9 odpov\u011bdi asociovan\u00fd s COVID-19 u d\u011bt\u00ed. Doporu\u010den\u00fd postup \u010cPS \u010cLS JEP. \u010cesko-slovensk\u00e1 Pediatrie. 2021, 76(1), 4-9.<\/em><\/p>\n\n\n\n<hr class=\"block-separator\"\/>\n\n\n\n<h6 class=\"has-text-align-center block-heading\">Pediatrick\u00e1 doporu\u010den\u00ed v dob\u011b COVID 19 (7. 4. 2020)<\/h6>\n\n\n\n<p class=\"has-text-align-center wp-block-paragraph\">Ke sta\u017een\u00ed <strong><strong><a rel=\"noreferrer noopener\" href=\"https:\/\/www.pediatrics.cz\/content\/uploads\/2020\/04\/pediatricka-doporuceni-covid19_07042020-1.pdf\" target=\"_blank\">zde<\/a><\/strong><\/strong><\/p>\n\n\n\n<hr class=\"block-separator\"\/>\n\n\n\n<h6 class=\"has-text-align-center block-heading\">Doporu\u010den\u00fd postup pro suplementaci vitaminu D v pediatrii (27.7.2019)<\/h6>\n\n\n\n<p class=\"has-text-align-center wp-block-paragraph\">Ke sta\u017een\u00ed <a rel=\"noreferrer noopener\" href=\"https:\/\/www.pediatrics.cz\/content\/uploads\/2019\/10\/vitamin_d_finalni_web.pdf\" target=\"_blank\"><strong>zde<\/strong>.<\/a><\/p>\n\n\n\n<hr class=\"block-separator\"\/>\n\n\n\n<h6 class=\"has-text-align-center block-heading\">Diagnostika a l\u00e9\u010dba \u017eivot ohro\u017euj\u00edc\u00edho krv\u00e1cen\u00ed (\u017eok) u d\u011btsk\u00fdch pacient\u016f v intenzivn\u00ed a periopera\u010dn\u00ed p\u00e9\u010di (12.6.2017)<\/h6>\n\n\n\n<p class=\"has-text-align-center wp-block-paragraph\">Ke sta\u017een\u00ed&nbsp;<strong><a href=\"https:\/\/www.pediatrics.cz\/content\/uploads\/2018\/08\/04-zok.pdf\" target=\"_blank\" rel=\"noreferrer noopener\">zde<\/a><\/strong>.<\/p>\n","protected":false},"excerpt":{"rendered":"<p>Doporu\u010den\u00ed Sekce d\u011btsk\u00e9 paliativn\u00ed p\u00e9\u010de \u010cSPM \u010cLS JEP k pandemii COVID-19 Ke sta\u017een\u00ed zde Dop. postup: Syndrom multisyst\u00e9mov\u00e9 [&hellip;]<\/p>\n","protected":false},"author":4,"featured_media":0,"parent":301,"menu_order":137,"comment_status":"closed","ping_status":"closed","template":"","meta":{"_acf_changed":false,"kia_subtitle":"","footnotes":""},"class_list":["post-4078","page","type-page","status-publish","hentry"],"acf":[],"lang":"cs","translations":{"cs":4078},"pll_sync_post":[],"_links":{"self":[{"href":"https:\/\/www.pediatrics.cz\/api\/wp\/v2\/pages\/4078","targetHints":{"allow":["GET"]}}],"collection":[{"href":"https:\/\/www.pediatrics.cz\/api\/wp\/v2\/pages"}],"about":[{"href":"https:\/\/www.pediatrics.cz\/api\/wp\/v2\/types\/page"}],"author":[{"embeddable":true,"href":"https:\/\/www.pediatrics.cz\/api\/wp\/v2\/users\/4"}],"replies":[{"embeddable":true,"href":"https:\/\/www.pediatrics.cz\/api\/wp\/v2\/comments?post=4078"}],"version-history":[{"count":1,"href":"https:\/\/www.pediatrics.cz\/api\/wp\/v2\/pages\/4078\/revisions"}],"predecessor-version":[{"id":4082,"href":"https:\/\/www.pediatrics.cz\/api\/wp\/v2\/pages\/4078\/revisions\/4082"}],"up":[{"embeddable":true,"href":"https:\/\/www.pediatrics.cz\/api\/wp\/v2\/pages\/301"}],"wp:attachment":[{"href":"https:\/\/www.pediatrics.cz\/api\/wp\/v2\/media?parent=4078"}],"curies":[{"name":"wp","href":"https:\/\/api.w.org\/{rel}","templated":true}]}}

Doporučené postupy ČPS

<h6 class="has-text-align-center block-heading">Doporučení Sekce dětské paliativní péče ČSPM ČLS JEP k pandemii COVID-19</h6>



<p class="has-text-align-center wp-block-paragraph">Ke stažení <strong><strong><a rel="noreferrer noopener" href="https://www.pediatrics.cz/content/uploads/2020/04/doporuceni-sekce-detske-paliativni-pece-covid-19.pdf" target="_blank">zde</a></strong></strong></p>



<hr class="block-separator"/>



<h6 class="has-text-align-center block-heading">Dop. postup: Syndrom multisystémové zánětlivé odpovědi asociovaný s COVID-19 u dětí (12. 1. 2021)</h6>



<p class="has-text-align-center wp-block-paragraph">Ke stažení <a rel="noreferrer noopener" href="https://www.pediatrics.cz/content/uploads/2021/11/syndrom-multisyste%CC%81move%CC%81-za%CC%81ne%CC%8Ctlive%CC%81-odpove%CC%8Cdi-asociovany%CC%81-s-covid-19-u-de%CC%8Cti%CC%81_1.._.pdf" target="_blank"><strong>zde</strong>.</a> <br><em>Citace: FENCL, Filip, Michaela ŠIBÍKOVÁ, Jan DAVID a Hana MALCOVÁ. Syndrom multisystémové zánětlivé odpovědi asociovaný s COVID-19 u dětí. Doporučený postup ČPS ČLS JEP. Česko-slovenská Pediatrie. 2021, 76(1), 4-9.</em></p>



<hr class="block-separator"/>



<h6 class="has-text-align-center block-heading">Pediatrická doporučení v době COVID 19 (7. 4. 2020)</h6>



<p class="has-text-align-center wp-block-paragraph">Ke stažení <strong><strong><a rel="noreferrer noopener" href="https://www.pediatrics.cz/content/uploads/2020/04/pediatricka-doporuceni-covid19_07042020-1.pdf" target="_blank">zde</a></strong></strong></p>



<hr class="block-separator"/>



<h6 class="has-text-align-center block-heading">Doporučený postup pro suplementaci vitaminu D v pediatrii (27.7.2019)</h6>



<p class="has-text-align-center wp-block-paragraph">Ke stažení <a rel="noreferrer noopener" href="https://www.pediatrics.cz/content/uploads/2019/10/vitamin_d_finalni_web.pdf" target="_blank"><strong>zde</strong>.</a></p>



<hr class="block-separator"/>



<h6 class="has-text-align-center block-heading">Diagnostika a léčba život ohrožujícího krvácení (žok) u dětských pacientů v intenzivní a perioperační péči (12.6.2017)</h6>



<p class="has-text-align-center wp-block-paragraph">Ke stažení&nbsp;<strong><a href="https://www.pediatrics.cz/content/uploads/2018/08/04-zok.pdf" target="_blank" rel="noreferrer noopener">zde</a></strong>.</p>

<p>Doporučení Sekce dětské paliativní péče ČSPM ČLS JEP k pandemii COVID-19 Ke stažení zde Dop. postup: Syndrom multisystémové [&hellip;]</p>
