{"id":495,"date":"2018-12-05T07:40:56","date_gmt":"2018-12-05T06:40:56","guid":{"rendered":"https:\/\/www.pediatrics.cz\/?page_id=495"},"modified":"2018-12-05T07:44:32","modified_gmt":"2018-12-05T06:44:32","slug":"dokumenty-ke-stazeni","status":"publish","type":"page","link":"https:\/\/www.pediatrics.cz\/dokumenty-ke-stazeni\/","title":{"rendered":"Dokumenty ke sta\u017een\u00ed"},"content":{"rendered":"<ul>\n<li><a href=\"https:\/\/www.pediatrics.cz\/content\/uploads\/2018\/12\/informace-ministerstva-prace-a-socialnich-veci-cr-o-zmenach-v-nemocenskem-pojisteni-dlouhodobe-osetrovne-a-potreba-dlouhodobe-pece-o-deti-a-dorost.pdf\" target=\"_blank\" rel=\"noopener\">Informace Ministerstva pr\u00e1ce a soci\u00e1ln\u00edch v\u011bc\u00ed \u010cR o zm\u011bn\u00e1ch v nemocensk\u00e9m poji\u0161t\u011bn\u00ed &#8211; dlouhodob\u00e9 o\u0161et\u0159ovn\u00e9 a pot\u0159eba dlouhodob\u00e9 p\u00e9\u010de o d\u011bti a dorost<\/a><\/li>\n<li><a href=\"https:\/\/www.pediatrics.cz\/content\/uploads\/2018\/12\/kojenecka-mleka-hami.pdf\" target=\"_blank\" rel=\"noopener\">Kojeneck\u00e1 ml\u00e9ka Hami<\/a><\/li>\n<li><a title=\"(pdf 155 kB)\" href=\"https:\/\/www.pediatrics.cz\/content\/uploads\/2018\/12\/posuzovani-zdravotniho-stavu-pro-ucely-nahradni-rodinne-pece-a-lekarska-posudkova-cinnost-v-socialnim-zabezpeceni.pdf\" target=\"_blank\" rel=\"nofollow noopener\">Posuzov\u00e1n\u00ed zdravotn\u00edho stavu pro \u00fa\u010dely n\u00e1hradn\u00ed rodinn\u00e9 p\u00e9\u010de a L\u00e9ka\u0159sk\u00e1 posudkov\u00e1 \u010dinnost v soci\u00e1ln\u00edm zabezpe\u010den\u00ed<\/a><\/li>\n<li><a href=\"https:\/\/www.pediatrics.cz\/content\/uploads\/2018\/12\/detska-lekarska-sluzba-prvni-pomoci-vyhodnoceni-dotazniku-2013.pdf\">D\u011btsk\u00e1 L\u00e9ka\u0159sk\u00e1 slu\u017eba prvn\u00ed pomoci \u2013 vyhodnocen\u00ed dotazn\u00edku (2013)<\/a><\/li>\n<li><a title=\"(pdf 121 kB)\" href=\"https:\/\/www.pediatrics.cz\/content\/uploads\/2018\/12\/tiskove-prohlaseni-k-ockovani-proti-pneumokokum.pdf\" target=\"_blank\" rel=\"nofollow noopener\">Tiskov\u00e9 prohl\u00e1\u0161en\u00ed k o\u010dkov\u00e1n\u00ed proti pneumokok\u016fm<\/a><\/li>\n<li><a title=\"(pdf 333 kB)\" href=\"https:\/\/www.pediatrics.cz\/content\/uploads\/2018\/12\/dinkeluv-graf-pro-hodnoceni-velikosti-ledvin-vzhledem-k-vysce.pdf\" target=\"_blank\" rel=\"nofollow noopener\">Dinkel\u016fv graf pro hodnocen\u00ed velikosti ledvin vzhledem k v\u00fd\u0161ce<\/a><\/li>\n<li><a href=\"https:\/\/pediatrics.cz\/_files\/200000500-3aee73be8c\/bos-ockovani-prednaska-jan-janda.ppt\" target=\"_blank\" rel=\"noopener\">Prezentace \u201eO\u010dkov\u00e1n\u00ed, alternativn\u00ed rodi\u010de, antivakcionisti, legislativa \u2013 jak d\u00e1l?\u201c (Jan Janda)<\/a><\/li>\n<\/ul>\n","protected":false},"excerpt":{"rendered":"<p>Informace Ministerstva pr\u00e1ce a soci\u00e1ln\u00edch v\u011bc\u00ed \u010cR o zm\u011bn\u00e1ch v nemocensk\u00e9m poji\u0161t\u011bn\u00ed &#8211; dlouhodob\u00e9 o\u0161et\u0159ovn\u00e9 a pot\u0159eba dlouhodob\u00e9 [&hellip;]<\/p>\n","protected":false},"author":2,"featured_media":0,"parent":0,"menu_order":30,"comment_status":"closed","ping_status":"closed","template":"","meta":{"_acf_changed":false,"kia_subtitle":"","footnotes":""},"class_list":["post-495","page","type-page","status-publish","hentry"],"acf":[],"lang":"cs","translations":{"cs":495},"pll_sync_post":[],"_links":{"self":[{"href":"https:\/\/www.pediatrics.cz\/api\/wp\/v2\/pages\/495","targetHints":{"allow":["GET"]}}],"collection":[{"href":"https:\/\/www.pediatrics.cz\/api\/wp\/v2\/pages"}],"about":[{"href":"https:\/\/www.pediatrics.cz\/api\/wp\/v2\/types\/page"}],"author":[{"embeddable":true,"href":"https:\/\/www.pediatrics.cz\/api\/wp\/v2\/users\/2"}],"replies":[{"embeddable":true,"href":"https:\/\/www.pediatrics.cz\/api\/wp\/v2\/comments?post=495"}],"version-history":[{"count":0,"href":"https:\/\/www.pediatrics.cz\/api\/wp\/v2\/pages\/495\/revisions"}],"wp:attachment":[{"href":"https:\/\/www.pediatrics.cz\/api\/wp\/v2\/media?parent=495"}],"curies":[{"name":"wp","href":"https:\/\/api.w.org\/{rel}","templated":true}]}}

Dokumenty ke stažení

<ul>
<li><a href="https://www.pediatrics.cz/content/uploads/2018/12/informace-ministerstva-prace-a-socialnich-veci-cr-o-zmenach-v-nemocenskem-pojisteni-dlouhodobe-osetrovne-a-potreba-dlouhodobe-pece-o-deti-a-dorost.pdf" target="_blank" rel="noopener">Informace Ministerstva práce a sociálních věcí ČR o změnách v nemocenském pojištění &#8211; dlouhodobé ošetřovné a potřeba dlouhodobé péče o děti a dorost</a></li>
<li><a href="https://www.pediatrics.cz/content/uploads/2018/12/kojenecka-mleka-hami.pdf" target="_blank" rel="noopener">Kojenecká mléka Hami</a></li>
<li><a title="(pdf 155 kB)" href="https://www.pediatrics.cz/content/uploads/2018/12/posuzovani-zdravotniho-stavu-pro-ucely-nahradni-rodinne-pece-a-lekarska-posudkova-cinnost-v-socialnim-zabezpeceni.pdf" target="_blank" rel="nofollow noopener">Posuzování zdravotního stavu pro účely náhradní rodinné péče a Lékařská posudková činnost v sociálním zabezpečení</a></li>
<li><a href="https://www.pediatrics.cz/content/uploads/2018/12/detska-lekarska-sluzba-prvni-pomoci-vyhodnoceni-dotazniku-2013.pdf">Dětská Lékařská služba první pomoci – vyhodnocení dotazníku (2013)</a></li>
<li><a title="(pdf 121 kB)" href="https://www.pediatrics.cz/content/uploads/2018/12/tiskove-prohlaseni-k-ockovani-proti-pneumokokum.pdf" target="_blank" rel="nofollow noopener">Tiskové prohlášení k očkování proti pneumokokům</a></li>
<li><a title="(pdf 333 kB)" href="https://www.pediatrics.cz/content/uploads/2018/12/dinkeluv-graf-pro-hodnoceni-velikosti-ledvin-vzhledem-k-vysce.pdf" target="_blank" rel="nofollow noopener">Dinkelův graf pro hodnocení velikosti ledvin vzhledem k výšce</a></li>
<li><a href="https://pediatrics.cz/_files/200000500-3aee73be8c/bos-ockovani-prednaska-jan-janda.ppt" target="_blank" rel="noopener">Prezentace „Očkování, alternativní rodiče, antivakcionisti, legislativa – jak dál?“ (Jan Janda)</a></li>
</ul>

<p>Informace Ministerstva práce a sociálních věcí ČR o změnách v nemocenském pojištění &#8211; dlouhodobé ošetřovné a potřeba dlouhodobé [&hellip;]</p>
