{"id":5540,"date":"2024-08-13T20:56:02","date_gmt":"2024-08-13T18:56:02","guid":{"rendered":"https:\/\/www.pediatrics.cz\/?page_id=5540"},"modified":"2026-03-31T13:48:36","modified_gmt":"2026-03-31T11:48:36","slug":"sekce-detske-obezitologie-cps-35015","status":"publish","type":"page","link":"https:\/\/www.pediatrics.cz\/sekce-a-pracovni-skupiny\/sekce-detske-obezitologie-cps-35015\/","title":{"rendered":"Sekce d\u011btsk\u00e9 obezitologie \u010cPS (35015)"},"content":{"rendered":"\n<p class=\"wp-block-paragraph\">Sekce d\u011btsk\u00e9 obezitologie se zam\u011b\u0159uje na problematiku obezity u d\u011bt\u00ed a dosp\u00edvaj\u00edc\u00edch, v\u010detn\u011b diagnostiky, prevence a l\u00e9\u010dby jej\u00edch komplikac\u00ed. \u010cinnost sekce vych\u00e1z\u00ed z aktu\u00e1ln\u00edch v\u011bdeck\u00fdch z\u00e1v\u011br\u016f a klade d\u016fraz na komplexn\u00ed porozum\u011bn\u00ed d\u011btsk\u00e9 obezit\u011b, zahrnuj\u00edc\u00ed genetick\u00e9, environment\u00e1ln\u00ed, behavior\u00e1ln\u00ed a soci\u00e1ln\u00ed faktory, kter\u00e9 na ni maj\u00ed vliv.<\/p>\n\n\n\n<p class=\"wp-block-paragraph\">Jedn\u00edm z hlavn\u00edch c\u00edl\u016f sekce je navrhov\u00e1n\u00ed z\u00e1kladn\u00edch postup\u016f a doporu\u010den\u00ed pro odbornou ve\u0159ejnost, t\u00fdkaj\u00edc\u00edch se prevence a l\u00e9\u010dby d\u011btsk\u00e9 obezity a jej\u00edch komplikac\u00ed.<\/p>\n\n\n\n<p class=\"wp-block-paragraph\">Sekce se rovn\u011b\u017e pod\u00edl\u00ed na edukaci zdravotnick\u00e9ho person\u00e1lu a informov\u00e1n\u00ed ve\u0159ejnosti o z\u00e1va\u017enosti obezity u d\u011bt\u00ed a mo\u017enostech jej\u00ed prevence. Spolupracujeme s dal\u0161\u00edmi odborn\u00edky a institucemi v oblasti pediatrie s c\u00edlem zajistit co nejkvalitn\u011bj\u0161\u00ed p\u00e9\u010di a podporu pro d\u011bti s obezitou a jejich rodiny.<\/p>\n\n\n\n<p class=\"wp-block-paragraph\">Na\u0161\u00edm dlouhodob\u00fdm c\u00edlem je sn\u00ed\u017een\u00ed v\u00fdskytu d\u011btsk\u00e9 obezity a zlep\u0161en\u00ed zdravotn\u00edho stavu d\u011bt\u00ed.<\/p>\n\n\n\n<p class=\"wp-block-paragraph\">Do v\u00fdboru sekce byli zvoleni:<\/p>\n\n\n\n<ul class=\"block-list\">\n<li>MUDr. Jana K\u0159enek Mal\u00edkov\u00e1, Ph.D. (p\u0159edsedkyn\u011b sekce),&nbsp;jana.malikova@lfmotol.cuni.cz<\/li>\n\n\n\n<li>doc. MUDr. Irena Aldhoon Hainerov\u00e1, Ph.D. (m\u00edstop\u0159edsedkyn\u011b),&nbsp;irena.aldhoon@fnkv.cz<\/li>\n\n\n\n<li>prof. MUDr. Jan Lebl, CSc. (v\u011bdeck\u00fd sekret\u00e1\u0159),&nbsp;jan.lebl@lfmotol.cuni.cz<\/li>\n\n\n\n<li>MUDr. Eva Havr\u00e1nkov\u00e1,&nbsp;havrankova@olivovna.cz<\/li>\n\n\n\n<li>prof. MUDr. Zden\u011bk \u0160umn\u00edk, Ph.D.,&nbsp;zdenek.sumnik@lfmotol.cuni.cz<\/li>\n<\/ul>\n\n\n\n<p class=\"wp-block-paragraph\">Do sekce se lze p\u0159ihl\u00e1sit na webu \u010cLS na adrese&nbsp;<a href=\"http:\/\/www.cls.cz\/online-registrace\">www.cls.cz\/online-registrace<\/a>. \u010clenstv\u00ed je zdarma. Se sv\u00fdmi p\u0159ipom\u00ednkami a post\u0159ehy p\u0159\u00edmo obracejte na MUDr. Janu K\u0159enek Mal\u00edkovou, Ph.D.<\/p>\n\n\n\n<p class=\"wp-block-paragraph\"><a href=\"https:\/\/www.pediatrics.cz\/content\/uploads\/2025\/10\/zapis-ze-schuze-sekce-detske-obezitologie_fv_03092025.pdf\" target=\"_blank\" rel=\"noreferrer noopener\">Z\u00e1pis ze sch\u016fze<\/a><br><a href=\"https:\/\/www.pediatrics.cz\/content\/uploads\/2025\/10\/klasifikace-nadvahy-a-obezity_fv_032025.pdf\" target=\"_blank\" rel=\"noreferrer noopener\">Doporu\u010den\u00ed pro klasifikaci obezity u d\u011bt\u00ed<\/a><\/p>\n\n\n\n<p class=\"wp-block-paragraph\"><\/p>\n\n\n\n<p class=\"wp-block-paragraph\"><\/p>\n","protected":false},"excerpt":{"rendered":"<p>Sekce d\u011btsk\u00e9 obezitologie se zam\u011b\u0159uje na problematiku obezity u d\u011bt\u00ed a dosp\u00edvaj\u00edc\u00edch, v\u010detn\u011b diagnostiky, prevence a l\u00e9\u010dby jej\u00edch [&hellip;]<\/p>\n","protected":false},"author":4,"featured_media":0,"parent":6,"menu_order":93,"comment_status":"closed","ping_status":"closed","template":"","meta":{"_acf_changed":false,"kia_subtitle":"","footnotes":""},"class_list":["post-5540","page","type-page","status-publish","hentry"],"acf":[],"lang":"cs","translations":{"cs":5540},"pll_sync_post":[],"_links":{"self":[{"href":"https:\/\/www.pediatrics.cz\/api\/wp\/v2\/pages\/5540","targetHints":{"allow":["GET"]}}],"collection":[{"href":"https:\/\/www.pediatrics.cz\/api\/wp\/v2\/pages"}],"about":[{"href":"https:\/\/www.pediatrics.cz\/api\/wp\/v2\/types\/page"}],"author":[{"embeddable":true,"href":"https:\/\/www.pediatrics.cz\/api\/wp\/v2\/users\/4"}],"replies":[{"embeddable":true,"href":"https:\/\/www.pediatrics.cz\/api\/wp\/v2\/comments?post=5540"}],"version-history":[{"count":7,"href":"https:\/\/www.pediatrics.cz\/api\/wp\/v2\/pages\/5540\/revisions"}],"predecessor-version":[{"id":7151,"href":"https:\/\/www.pediatrics.cz\/api\/wp\/v2\/pages\/5540\/revisions\/7151"}],"up":[{"embeddable":true,"href":"https:\/\/www.pediatrics.cz\/api\/wp\/v2\/pages\/6"}],"wp:attachment":[{"href":"https:\/\/www.pediatrics.cz\/api\/wp\/v2\/media?parent=5540"}],"curies":[{"name":"wp","href":"https:\/\/api.w.org\/{rel}","templated":true}]}}

Sekce dětské obezitologie ČPS (35015)

<p class="wp-block-paragraph">Sekce dětské obezitologie se zaměřuje na problematiku obezity u dětí a dospívajících, včetně diagnostiky, prevence a léčby jejích komplikací. Činnost sekce vychází z aktuálních vědeckých závěrů a klade důraz na komplexní porozumění dětské obezitě, zahrnující genetické, environmentální, behaviorální a sociální faktory, které na ni mají vliv.</p>



<p class="wp-block-paragraph">Jedním z hlavních cílů sekce je navrhování základních postupů a doporučení pro odbornou veřejnost, týkajících se prevence a léčby dětské obezity a jejích komplikací.</p>



<p class="wp-block-paragraph">Sekce se rovněž podílí na edukaci zdravotnického personálu a informování veřejnosti o závažnosti obezity u dětí a možnostech její prevence. Spolupracujeme s dalšími odborníky a institucemi v oblasti pediatrie s cílem zajistit co nejkvalitnější péči a podporu pro děti s obezitou a jejich rodiny.</p>



<p class="wp-block-paragraph">Naším dlouhodobým cílem je snížení výskytu dětské obezity a zlepšení zdravotního stavu dětí.</p>



<p class="wp-block-paragraph">Do výboru sekce byli zvoleni:</p>



<ul class="block-list">
<li>MUDr. Jana Křenek Malíková, Ph.D. (předsedkyně sekce),&nbsp;jana.malikova@lfmotol.cuni.cz</li>



<li>doc. MUDr. Irena Aldhoon Hainerová, Ph.D. (místopředsedkyně),&nbsp;irena.aldhoon@fnkv.cz</li>



<li>prof. MUDr. Jan Lebl, CSc. (vědecký sekretář),&nbsp;jan.lebl@lfmotol.cuni.cz</li>



<li>MUDr. Eva Havránková,&nbsp;havrankova@olivovna.cz</li>



<li>prof. MUDr. Zdeněk Šumník, Ph.D.,&nbsp;zdenek.sumnik@lfmotol.cuni.cz</li>
</ul>



<p class="wp-block-paragraph">Do sekce se lze přihlásit na webu ČLS na adrese&nbsp;<a href="http://www.cls.cz/online-registrace">www.cls.cz/online-registrace</a>. Členství je zdarma. Se svými připomínkami a postřehy přímo obracejte na MUDr. Janu Křenek Malíkovou, Ph.D.</p>



<p class="wp-block-paragraph"><a href="https://www.pediatrics.cz/content/uploads/2025/10/zapis-ze-schuze-sekce-detske-obezitologie_fv_03092025.pdf" target="_blank" rel="noreferrer noopener">Zápis ze schůze</a><br><a href="https://www.pediatrics.cz/content/uploads/2025/10/klasifikace-nadvahy-a-obezity_fv_032025.pdf" target="_blank" rel="noreferrer noopener">Doporučení pro klasifikaci obezity u dětí</a></p>



<p class="wp-block-paragraph"></p>



<p class="wp-block-paragraph"></p>

<p>Sekce dětské obezitologie se zaměřuje na problematiku obezity u dětí a dospívajících, včetně diagnostiky, prevence a léčby jejích [&hellip;]</p>
