{"id":650,"date":"2019-05-20T14:40:12","date_gmt":"2019-05-20T12:40:12","guid":{"rendered":"https:\/\/www.pediatrics.cz\/?page_id=650"},"modified":"2019-05-20T14:40:15","modified_gmt":"2019-05-20T12:40:15","slug":"elections","status":"publish","type":"page","link":"https:\/\/www.pediatrics.cz\/en\/about-the-society\/elections\/","title":{"rendered":"Elections"},"content":{"rendered":"\n<h4 class=\"block-heading\">Volby 2016<\/h4>\n\n\n\n<p class=\"wp-block-paragraph\"><strong>V\u00e1\u017een\u00e9 kolegyn\u011b a v\u00e1\u017een\u00ed kolegov\u00e9,<\/strong><\/p>\n\n\n\n<p class=\"wp-block-paragraph\">dovolte, abychom V\u00e1s v\u0161echny pozvali k volb\u00e1m do v\u00fdboru a revizn\u00ed komise \u010cPS \u010cLS JEP. O&nbsp;kon\u00e1n\u00ed voleb, kter\u00e9 se uskute\u010dn\u00ed koresponden\u010dn\u011b a jednokolov\u011b, rozhodl v\u00fdbor \u010cPS na zased\u00e1n\u00ed 18. 5. 2016.<\/p>\n\n\n\n<p class=\"wp-block-paragraph\">Volebn\u00ed komise, jej\u00ed\u017e \u010dlenov\u00e9 nemohou kandidovat do volen\u00fdch funkc\u00ed \u010cPS, byla zvolena ve slo\u017een\u00ed:<\/p>\n\n\n\n<p class=\"wp-block-paragraph\">1) MUDr. Ji\u0159\u00ed Sou\u010dek &#8211; p\u0159edseda<br>2) prof. MUDr. Jan Janda, CSc.<br>3) Blanka Albrechtov\u00e1<\/p>\n\n\n\n<p class=\"wp-block-paragraph\"><strong>P\u0159\u00edprava stanov prob\u011bhla ve shod\u011b se stanovami \u010cLS JEP, z.s.<\/strong>&nbsp;V\u0161ichni \u010dlenov\u00e9 \u010cPS obdr\u017e\u00ed po\u0161tou ob\u00e1lku s \u00fapln\u00fdm&nbsp;<a href=\"https:\/\/www.pediatrics.cz\/content\/uploads\/2018\/08\/seznam-clenu-cps-cls-jep-volby-2016.pdf\" target=\"_blank\" rel=\"noopener noreferrer\"><strong>Seznamem \u010dlen\u016f \u010cesk\u00e9 pediatrick\u00e9 spole\u010dnosti \u010cLS JEP pro volby 2016<\/strong><\/a>, a 2 volebn\u00ed listiny s raz\u00edtkem \u010cLS. Prvn\u00ed volebn\u00ed listina je ur\u010dena pro volby 9 \u010dlen\u016f v\u00fdboru \u010cPS a druh\u00e1 pro volby 3 \u010dlen\u016f revizn\u00ed komise:<\/p>\n\n\n\n<p class=\"wp-block-paragraph\">a) do volebn\u00ed listiny na \u010dleny v\u00fdboru \u010cPS lze navrhnout (napsat)&nbsp;<strong>maxim\u00e1ln\u011b 9 jmen<\/strong>&nbsp;z&nbsp;p\u0159ilo\u017een\u00e9ho seznamu \u010dlen\u016f \u010cPS<br>b) do volebn\u00ed listiny na \u010dleny revizn\u00ed komise \u010cPS lze napsat&nbsp;<strong>maxim\u00e1ln\u011b 3 jm\u00e9na<\/strong>&nbsp;z&nbsp;p\u0159ilo\u017een\u00e9ho seznamu \u010dlen\u016f \u010cPS<\/p>\n\n\n\n<p class=\"wp-block-paragraph\">V\u0161ichni \u010dlenov\u00e9 \u010cPS obdr\u017e\u00ed i ofrankovanou ob\u00e1lku s p\u0159edti\u0161t\u011bnou adresou&nbsp;<strong>\u010clensk\u00e9 evidence \u010cLS, Sokolsk\u00e1 ulice 31, 120 26 Praha 2. Pros\u00edme, abyste ob\u00e1lku s ob\u011bma volebn\u00edmi listinami odeslali nejpozd\u011bji do 30. 10. 2016.&nbsp;<\/strong>\u010clen \u010cPS m\u016f\u017ee b\u00fdt navrhov\u00e1n sou\u010dasn\u011b do v\u00fdboru i do revizn\u00ed komise. Bude-li zvolen do obou org\u00e1n\u016f, s\u00e1m si vybere, ve kter\u00e9m org\u00e1nu bude pracovat. Pokud nebude souhlasit, na jeho m\u00edsto postoup\u00ed dal\u0161\u00ed kandid\u00e1t v po\u0159ad\u00ed.<\/p>\n\n\n\n<p class=\"wp-block-paragraph\">V\u00fdsledky voleb vyhl\u00e1s\u00ed p\u0159edseda volebn\u00ed komise nejpozd\u011bji do 17. 11. 2016 a zajist\u00ed zve\u0159ejn\u011bn\u00ed v\u00fdsledk\u016f voleb na internetov\u00fdch str\u00e1nk\u00e1ch \u010cLS JEP, z.s. Zvolen\u00ed \u010dlenov\u00e9 v\u00fdboru si na prvn\u00edm zased\u00e1n\u00ed zvol\u00ed sv\u00e9ho p\u0159edsedu v\u00fdboru a p\u0159edsedu revizn\u00ed komise.<\/p>\n\n\n\n<p class=\"wp-block-paragraph\"><strong>Pros\u00edme, abyste v\u0161ichni vyu\u017eili sv\u00e9ho pr\u00e1va a \u00fa\u010dastnili se voleb. Pros\u00edme, abyste vyb\u00edrali kandid\u00e1ty, kte\u0159\u00ed budou oporou \u010desk\u00e9 pediatrie.<\/strong><\/p>\n\n\n\n<p class=\"wp-block-paragraph\">S&nbsp;pozdravem<\/p>\n\n\n\n<p class=\"wp-block-paragraph\"><strong>MUDr. Ji\u0159\u00ed Sou\u010dek<\/strong><br>p\u0159edseda volebn\u00ed komise<\/p>\n\n\n\n<p class=\"wp-block-paragraph\"><strong>prof. MUDr. Ji\u0159\u00ed Zeman, DrSc.<\/strong><br>p\u0159edseda \u010cPS \u010cLS JEP<\/p>\n\n\n\n<hr class=\"block-separator\"\/>\n\n\n\n<p class=\"wp-block-paragraph\"><strong>\u2022&nbsp;<\/strong><a href=\"https:\/\/www.pediatrics.cz\/content\/uploads\/2018\/08\/cps-volby-2016-vysledky.pdf\" target=\"_blank\" rel=\"noopener noreferrer\"><strong>V\u00fdsledky voleb 2016<\/strong><\/a><\/p>\n\n\n\n<p class=\"wp-block-paragraph\"><strong>\u2022&nbsp;<\/strong><a href=\"https:\/\/www.pediatrics.cz\/content\/uploads\/2018\/08\/cps-volby-2016-vysledky-celkove.pdf\" target=\"_blank\" rel=\"noopener noreferrer\"><strong>V\u00fdsledky voleb 2016 celkov\u011b<\/strong><\/a><\/p>\n\n\n\n<p class=\"wp-block-paragraph\"><strong>\u2022&nbsp;<\/strong><a href=\"https:\/\/www.pediatrics.cz\/content\/uploads\/2018\/08\/cps-volby-2016-vysledky-revizni-komise-celkove.pdf\" target=\"_blank\" rel=\"noopener noreferrer\"><strong>V\u00fdsledky voleb 2016 (revizn\u00ed komise) celkov\u011b<\/strong><\/a><\/p>\n\n\n\n<p class=\"wp-block-paragraph\"><strong>\u2022&nbsp;<\/strong><a href=\"https:\/\/www.pediatrics.cz\/content\/uploads\/2018\/08\/cps-vybor-a-revizni-komise-2013-2016.pdf\" rel=\"noreferrer noopener\" target=\"_blank\"><strong>V\u00fdbor \u010cPS \u010cLS JEP zvolen\u00fd na funk\u010dn\u00ed obdob\u00ed 2013\u20132016<\/strong><\/a><\/p>\n\n\n\n<p class=\"wp-block-paragraph\"><strong>\u2022&nbsp;<\/strong><a href=\"https:\/\/www.pediatrics.cz\/content\/uploads\/2018\/08\/cps-volby-2012-vysledky.pdf\" rel=\"noreferrer noopener\" target=\"_blank\"><strong>V\u00fdsledky voleb 2012 celkov\u011b<\/strong><\/a><\/p>\n\n\n\n<p class=\"wp-block-paragraph\"><strong>\u2022&nbsp;<\/strong><a href=\"https:\/\/www.pediatrics.cz\/content\/uploads\/2018\/08\/volby-vyboru-cps-2012.pdf\" target=\"_blank\" rel=\"noopener noreferrer\"><strong>Volby 2012<\/strong><\/a><\/p>\n","protected":false},"excerpt":{"rendered":"<p>Volby 2016 V\u00e1\u017een\u00e9 kolegyn\u011b a v\u00e1\u017een\u00ed kolegov\u00e9, dovolte, abychom V\u00e1s v\u0161echny pozvali k volb\u00e1m do v\u00fdboru a revizn\u00ed [&hellip;]<\/p>\n","protected":false},"author":4,"featured_media":0,"parent":544,"menu_order":11,"comment_status":"closed","ping_status":"closed","template":"","meta":{"_acf_changed":false,"kia_subtitle":"","footnotes":""},"class_list":["post-650","page","type-page","status-publish","hentry"],"acf":[],"lang":"en","translations":{"en":650,"cs":109},"pll_sync_post":[],"_links":{"self":[{"href":"https:\/\/www.pediatrics.cz\/api\/wp\/v2\/pages\/650","targetHints":{"allow":["GET"]}}],"collection":[{"href":"https:\/\/www.pediatrics.cz\/api\/wp\/v2\/pages"}],"about":[{"href":"https:\/\/www.pediatrics.cz\/api\/wp\/v2\/types\/page"}],"author":[{"embeddable":true,"href":"https:\/\/www.pediatrics.cz\/api\/wp\/v2\/users\/4"}],"replies":[{"embeddable":true,"href":"https:\/\/www.pediatrics.cz\/api\/wp\/v2\/comments?post=650"}],"version-history":[{"count":0,"href":"https:\/\/www.pediatrics.cz\/api\/wp\/v2\/pages\/650\/revisions"}],"up":[{"embeddable":true,"href":"https:\/\/www.pediatrics.cz\/api\/wp\/v2\/pages\/544"}],"wp:attachment":[{"href":"https:\/\/www.pediatrics.cz\/api\/wp\/v2\/media?parent=650"}],"curies":[{"name":"wp","href":"https:\/\/api.w.org\/{rel}","templated":true}]}}

<h4 class="block-heading">Volby 2016</h4>



<p class="wp-block-paragraph"><strong>Vážené kolegyně a vážení kolegové,</strong></p>



<p class="wp-block-paragraph">dovolte, abychom Vás všechny pozvali k volbám do výboru a revizní komise ČPS ČLS JEP. O&nbsp;konání voleb, které se uskuteční korespondenčně a jednokolově, rozhodl výbor ČPS na zasedání 18. 5. 2016.</p>



<p class="wp-block-paragraph">Volební komise, jejíž členové nemohou kandidovat do volených funkcí ČPS, byla zvolena ve složení:</p>



<p class="wp-block-paragraph">1) MUDr. Jiří Souček &#8211; předseda<br>2) prof. MUDr. Jan Janda, CSc.<br>3) Blanka Albrechtová</p>



<p class="wp-block-paragraph"><strong>Příprava stanov proběhla ve shodě se stanovami ČLS JEP, z.s.</strong>&nbsp;Všichni členové ČPS obdrží poštou obálku s úplným&nbsp;<a href="https://www.pediatrics.cz/content/uploads/2018/08/seznam-clenu-cps-cls-jep-volby-2016.pdf" target="_blank" rel="noopener noreferrer"><strong>Seznamem členů České pediatrické společnosti ČLS JEP pro volby 2016</strong></a>, a 2 volební listiny s razítkem ČLS. První volební listina je určena pro volby 9 členů výboru ČPS a druhá pro volby 3 členů revizní komise:</p>



<p class="wp-block-paragraph">a) do volební listiny na členy výboru ČPS lze navrhnout (napsat)&nbsp;<strong>maximálně 9 jmen</strong>&nbsp;z&nbsp;přiloženého seznamu členů ČPS<br>b) do volební listiny na členy revizní komise ČPS lze napsat&nbsp;<strong>maximálně 3 jména</strong>&nbsp;z&nbsp;přiloženého seznamu členů ČPS</p>



<p class="wp-block-paragraph">Všichni členové ČPS obdrží i ofrankovanou obálku s předtištěnou adresou&nbsp;<strong>Členské evidence ČLS, Sokolská ulice 31, 120 26 Praha 2. Prosíme, abyste obálku s oběma volebními listinami odeslali nejpozději do 30. 10. 2016.&nbsp;</strong>Člen ČPS může být navrhován současně do výboru i do revizní komise. Bude-li zvolen do obou orgánů, sám si vybere, ve kterém orgánu bude pracovat. Pokud nebude souhlasit, na jeho místo postoupí další kandidát v pořadí.</p>



<p class="wp-block-paragraph">Výsledky voleb vyhlásí předseda volební komise nejpozději do 17. 11. 2016 a zajistí zveřejnění výsledků voleb na internetových stránkách ČLS JEP, z.s. Zvolení členové výboru si na prvním zasedání zvolí svého předsedu výboru a předsedu revizní komise.</p>



<p class="wp-block-paragraph"><strong>Prosíme, abyste všichni využili svého práva a účastnili se voleb. Prosíme, abyste vybírali kandidáty, kteří budou oporou české pediatrie.</strong></p>



<p class="wp-block-paragraph">S&nbsp;pozdravem</p>



<p class="wp-block-paragraph"><strong>MUDr. Jiří Souček</strong><br>předseda volební komise</p>



<p class="wp-block-paragraph"><strong>prof. MUDr. Jiří Zeman, DrSc.</strong><br>předseda ČPS ČLS JEP</p>



<hr class="block-separator"/>



<p class="wp-block-paragraph"><strong>•&nbsp;</strong><a href="https://www.pediatrics.cz/content/uploads/2018/08/cps-volby-2016-vysledky.pdf" target="_blank" rel="noopener noreferrer"><strong>Výsledky voleb 2016</strong></a></p>



<p class="wp-block-paragraph"><strong>•&nbsp;</strong><a href="https://www.pediatrics.cz/content/uploads/2018/08/cps-volby-2016-vysledky-celkove.pdf" target="_blank" rel="noopener noreferrer"><strong>Výsledky voleb 2016 celkově</strong></a></p>



<p class="wp-block-paragraph"><strong>•&nbsp;</strong><a href="https://www.pediatrics.cz/content/uploads/2018/08/cps-volby-2016-vysledky-revizni-komise-celkove.pdf" target="_blank" rel="noopener noreferrer"><strong>Výsledky voleb 2016 (revizní komise) celkově</strong></a></p>



<p class="wp-block-paragraph"><strong>•&nbsp;</strong><a href="https://www.pediatrics.cz/content/uploads/2018/08/cps-vybor-a-revizni-komise-2013-2016.pdf" rel="noreferrer noopener" target="_blank"><strong>Výbor ČPS ČLS JEP zvolený na funkční období 2013–2016</strong></a></p>



<p class="wp-block-paragraph"><strong>•&nbsp;</strong><a href="https://www.pediatrics.cz/content/uploads/2018/08/cps-volby-2012-vysledky.pdf" rel="noreferrer noopener" target="_blank"><strong>Výsledky voleb 2012 celkově</strong></a></p>



<p class="wp-block-paragraph"><strong>•&nbsp;</strong><a href="https://www.pediatrics.cz/content/uploads/2018/08/volby-vyboru-cps-2012.pdf" target="_blank" rel="noopener noreferrer"><strong>Volby 2012</strong></a></p>

<p>Volby 2016 Vážené kolegyně a vážení kolegové, dovolte, abychom Vás všechny pozvali k volbám do výboru a revizní [&hellip;]</p>
