{"id":72,"date":"2018-08-16T07:42:34","date_gmt":"2018-08-16T05:42:34","guid":{"rendered":"https:\/\/www.pediatrics.cz\/?page_id=72"},"modified":"2025-10-06T10:16:45","modified_gmt":"2025-10-06T08:16:45","slug":"inzerce","status":"publish","type":"page","link":"https:\/\/www.pediatrics.cz\/inzerce\/","title":{"rendered":"Inzerce"},"content":{"rendered":"\n<p class=\"wp-block-paragraph\"><strong>Obecn\u00e1 pravidla inzerce <\/strong><\/p>\n\n\n\n<p class=\"has-text-align-left has-very-light-gray-background-color has-background wp-block-paragraph\"><em>Ka\u017ed\u00e1 \u017e\u00e1dost o inzerci \u010di o spolupr\u00e1ci proch\u00e1z\u00ed schv\u00e1len\u00edm V\u00fdboru \u010cPS. V\u00fdbor \u010cPS si vyhrazuje pr\u00e1vo inzerci posoudit a p\u0159\u00edpadn\u011b nepublikovat.<br>V&nbsp;p\u0159\u00edpad\u011b inzerce nekomer\u010dn\u00edho subjektu (nap\u0159. odborn\u00e1 spole\u010dnost, ve\u0159ejn\u00e1 instituce) &nbsp;je inzerce na webov\u00fdch str\u00e1nk\u00e1ch \u010di v&nbsp;bulletinu \u010cPS zdarma. <br>Komer\u010dn\u00ed inzerce mus\u00ed b\u00fdt jasn\u011b ozna\u010dena a odd\u011blena od odborn\u00e9ho obsahu.<\/em> <br><\/p>\n\n\n\n<p class=\"wp-block-paragraph\">V p\u0159\u00edpad\u011b z\u00e1jmu o spolupr\u00e1ci s\u00a0\u010ceskou pediatrickou spole\u010dnost\u00ed, pros\u00edme kontaktujte <a href=\"mailto:kuranova@associationhouse.cz\">sekretari\u00e1t<\/a>.\u00a0<\/p>\n\n\n\n<p class=\"wp-block-paragraph\"><\/p>\n\n\n\n<hr class=\"block-separator has-alpha-channel-opacity\"\/>\n\n\n\n<p class=\"wp-block-paragraph\"><strong>Praha-Vino\u0159 nab\u00edz\u00ed k pron\u00e1jmu novou ordinaci<\/strong><br><br>Ordinace se nach\u00e1z\u00ed ve zdravotn\u00edm st\u0159edisku v ulici\u00a0<a href=\"https:\/\/mapy.com\/s\/purufejogo\">Mladoboleslavsk\u00e1 515<\/a>. Jde o nov\u011b zrekonstruovan\u00fd prostor o celkov\u00e9 v\u00fdm\u011b\u0159e 63,8 m2. Men\u0161\u00ed ordina\u010dn\u00ed m\u00edstnost m\u00e1 v\u00fdm\u011bru 16,9 m2, v\u011bt\u0161\u00ed pak 18,6 m2. Celkov\u00e1 v\u00fdm\u011bra prostor je cca 63,8 m2.<\/p>\n\n\n\n<p class=\"wp-block-paragraph\">Aktu\u00e1ln\u011b jsou prostory p\u0159ipraveny na provoz dvou samostatn\u00fdch ordinac\u00ed se spole\u010dnou \u010dek\u00e1rnou. Ve spole\u010dn\u00e9 st\u011bn\u011b mezi ordinacemi je stavebn\u00ed p\u0159\u00edprava pro snadn\u00e9 vytvo\u0159en\u00ed propojovac\u00edch dve\u0159\u00ed a jednoduchou \u00fapravou je mo\u017en\u00e9 m\u00edstnosti propojit.<\/p>\n\n\n\n<p class=\"wp-block-paragraph\">Mezi preferovan\u00e9 odbornosti pat\u0159\u00ed chirurgie, ortopedie, rehabilitace, oftalmologie, kardiologie, ORL \u010di v\u0161eobecn\u00fd praktick\u00fd l\u00e9ka\u0159.<\/p>\n\n\n\n<p class=\"wp-block-paragraph\">Nab\u00eddku mus\u00ed z\u00e1jemce o pron\u00e1jem doru\u010dit v p\u00edsemn\u00e9 podob\u011b nejpozd\u011bji do 31. 12. 2025 do 12:00 hodin.<\/p>\n\n\n\n<p class=\"wp-block-paragraph\">V\u00edce informac\u00ed naleznete <a href=\"https:\/\/www.praha-vinor.cz\/praha-vinor-nabizi-k-pronajmu-novou-ordinaci\/\" target=\"_blank\" rel=\"noreferrer noopener\">zde<\/a>.<\/p>\n\n\n\n<figure class=\"block-image size-large is-style-default\"><img loading=\"lazy\" decoding=\"async\" width=\"1024\" height=\"372\" src=\"https:\/\/www.pediatrics.cz\/content\/uploads\/2025\/10\/vinor_inzerce-1024x372.png\" alt=\"vinor inzerce\" class=\"wp-image-6276\" srcset=\"https:\/\/www.pediatrics.cz\/content\/uploads\/2025\/10\/vinor_inzerce-1024x372.png 1024w, https:\/\/www.pediatrics.cz\/content\/uploads\/2025\/10\/vinor_inzerce-300x109.png 300w, https:\/\/www.pediatrics.cz\/content\/uploads\/2025\/10\/vinor_inzerce-768x279.png 768w, https:\/\/www.pediatrics.cz\/content\/uploads\/2025\/10\/vinor_inzerce.png 1408w\" sizes=\"auto, (max-width: 1024px) 100vw, 1024px\" \/><\/figure>\n\n\n\n<p class=\"wp-block-paragraph\"><\/p>\n\n\n\n<hr class=\"block-separator has-alpha-channel-opacity\"\/>\n\n\n\n<p class=\"wp-block-paragraph\">M\u011bsto Velk\u00e9 B\u00edlovice hled\u00e1 praktick\u00e9ho l\u00e9ka\u0159e pro d\u011bti a dorost. N\u00e1stup mo\u017en\u00fd od ledna 2025. V\u00edce informac\u00ed na banneru n\u00ed\u017ee:<\/p>\n\n\n\n<figure class=\"block-image aligncenter size-large is-resized is-style-default\"><img loading=\"lazy\" decoding=\"async\" width=\"724\" height=\"1024\" src=\"https:\/\/www.pediatrics.cz\/content\/uploads\/2024\/11\/mesto-velke-bilovice-hleda-pediatra-724x1024.jpg\" alt=\"mesto velke bilovice hleda pediatra\" class=\"wp-image-5759\" style=\"width:332px;height:auto\" srcset=\"https:\/\/www.pediatrics.cz\/content\/uploads\/2024\/11\/mesto-velke-bilovice-hleda-pediatra-724x1024.jpg 724w, https:\/\/www.pediatrics.cz\/content\/uploads\/2024\/11\/mesto-velke-bilovice-hleda-pediatra-212x300.jpg 212w, https:\/\/www.pediatrics.cz\/content\/uploads\/2024\/11\/mesto-velke-bilovice-hleda-pediatra-768x1086.jpg 768w, https:\/\/www.pediatrics.cz\/content\/uploads\/2024\/11\/mesto-velke-bilovice-hleda-pediatra-1086x1536.jpg 1086w, https:\/\/www.pediatrics.cz\/content\/uploads\/2024\/11\/mesto-velke-bilovice-hleda-pediatra.jpg 1414w\" sizes=\"auto, (max-width: 724px) 100vw, 724px\" \/><\/figure>\n\n\n\n<p class=\"wp-block-paragraph\"><\/p>\n\n\n\n<hr class=\"block-separator has-alpha-channel-opacity\"\/>\n\n\n\n<p class=\"wp-block-paragraph\"><strong>M\u011bsto Mohelnice nab\u00edz\u00ed pron\u00e1jem prostor o v\u00fdm\u011b\u0159e 80 m<sup>2<\/sup> v budov\u011b N\u00e1dra\u017en\u00ed 35 (L\u00e9ka\u0159sk\u00fd d\u016fm) ke z\u0159\u00edzen\u00ed a provozov\u00e1n\u00ed ordinace praktick\u00e9ho l\u00e9ka\u0159e pro d\u011bti a dorost. <\/strong>Nab\u00edz\u00edme rekonstrukci ordinace dle po\u017eadavk\u016f n\u00e1jemce. L\u00e9ka\u0159sk\u00fd d\u016fm centralizuje v\u011bt\u0161\u00ed \u010d\u00e1st l\u00e9ka\u0159sk\u00e9 p\u00e9\u010de v Mohelnici. Dobr\u00e1 dopravn\u00ed dostupnost, bezprobl\u00e9mov\u00e9 parkov\u00e1n\u00ed. M\u011bsto Mohelnice m\u00e1 cca 10 tis. obyvatel, nach\u00e1z\u00ed se 30 km severn\u011b od Olomouce a nab\u00edz\u00ed velmi p\u0159\u00edzniv\u00e9 podm\u00ednky pro bydlen\u00ed, zam\u011bstnanost, kulturn\u00ed a sportovn\u00ed vy\u017eit\u00ed. Bli\u017e\u0161\u00ed informace poskytne Mgr. Kutalov\u00e1, tel. 583 452 122, email: <a href=\"mailto:kutaloval@mohelnice.cz\" target=\"_blank\" rel=\"noreferrer noopener\">kutaloval@mohelnice.cz<\/a>.<\/p>\n","protected":false},"excerpt":{"rendered":"<p>Obecn\u00e1 pravidla inzerce Ka\u017ed\u00e1 \u017e\u00e1dost o inzerci \u010di o spolupr\u00e1ci proch\u00e1z\u00ed schv\u00e1len\u00edm V\u00fdboru \u010cPS. V\u00fdbor \u010cPS si vyhrazuje [&hellip;]<\/p>\n","protected":false},"author":2,"featured_media":0,"parent":0,"menu_order":103,"comment_status":"closed","ping_status":"closed","template":"","meta":{"_acf_changed":false,"kia_subtitle":"","footnotes":""},"class_list":["post-72","page","type-page","status-publish","hentry"],"acf":[],"lang":"cs","translations":{"cs":72},"pll_sync_post":[],"_links":{"self":[{"href":"https:\/\/www.pediatrics.cz\/api\/wp\/v2\/pages\/72","targetHints":{"allow":["GET"]}}],"collection":[{"href":"https:\/\/www.pediatrics.cz\/api\/wp\/v2\/pages"}],"about":[{"href":"https:\/\/www.pediatrics.cz\/api\/wp\/v2\/types\/page"}],"author":[{"embeddable":true,"href":"https:\/\/www.pediatrics.cz\/api\/wp\/v2\/users\/2"}],"replies":[{"embeddable":true,"href":"https:\/\/www.pediatrics.cz\/api\/wp\/v2\/comments?post=72"}],"version-history":[{"count":12,"href":"https:\/\/www.pediatrics.cz\/api\/wp\/v2\/pages\/72\/revisions"}],"predecessor-version":[{"id":6280,"href":"https:\/\/www.pediatrics.cz\/api\/wp\/v2\/pages\/72\/revisions\/6280"}],"wp:attachment":[{"href":"https:\/\/www.pediatrics.cz\/api\/wp\/v2\/media?parent=72"}],"curies":[{"name":"wp","href":"https:\/\/api.w.org\/{rel}","templated":true}]}}

<p class="wp-block-paragraph"><strong>Obecná pravidla inzerce </strong></p>



<p class="has-text-align-left has-very-light-gray-background-color has-background wp-block-paragraph"><em>Každá žádost o inzerci či o spolupráci prochází schválením Výboru ČPS. Výbor ČPS si vyhrazuje právo inzerci posoudit a případně nepublikovat.<br>V&nbsp;případě inzerce nekomerčního subjektu (např. odborná společnost, veřejná instituce) &nbsp;je inzerce na webových stránkách či v&nbsp;bulletinu ČPS zdarma. <br>Komerční inzerce musí být jasně označena a oddělena od odborného obsahu.</em> <br></p>



<p class="wp-block-paragraph">V případě zájmu o spolupráci s Českou pediatrickou společností, prosíme kontaktujte <a href="mailto:kuranova@associationhouse.cz">sekretariát</a>. </p>



<p class="wp-block-paragraph"></p>



<hr class="block-separator has-alpha-channel-opacity"/>



<p class="wp-block-paragraph"><strong>Praha-Vinoř nabízí k pronájmu novou ordinaci</strong><br><br>Ordinace se nachází ve zdravotním středisku v ulici <a href="https://mapy.com/s/purufejogo">Mladoboleslavská 515</a>. Jde o nově zrekonstruovaný prostor o celkové výměře 63,8 m2. Menší ordinační místnost má výměru 16,9 m2, větší pak 18,6 m2. Celková výměra prostor je cca 63,8 m2.</p>



<p class="wp-block-paragraph">Aktuálně jsou prostory připraveny na provoz dvou samostatných ordinací se společnou čekárnou. Ve společné stěně mezi ordinacemi je stavební příprava pro snadné vytvoření propojovacích dveří a jednoduchou úpravou je možné místnosti propojit.</p>



<p class="wp-block-paragraph">Mezi preferované odbornosti patří chirurgie, ortopedie, rehabilitace, oftalmologie, kardiologie, ORL či všeobecný praktický lékař.</p>



<p class="wp-block-paragraph">Nabídku musí zájemce o pronájem doručit v písemné podobě nejpozději do 31. 12. 2025 do 12:00 hodin.</p>



<p class="wp-block-paragraph">Více informací naleznete <a href="https://www.praha-vinor.cz/praha-vinor-nabizi-k-pronajmu-novou-ordinaci/" target="_blank" rel="noreferrer noopener">zde</a>.</p>



<figure class="block-image size-large is-style-default"><img loading="lazy" decoding="async" width="1024" height="372" src="https://www.pediatrics.cz/content/uploads/2025/10/vinor_inzerce-1024x372.png" alt="vinor inzerce" class="wp-image-6276" srcset="https://www.pediatrics.cz/content/uploads/2025/10/vinor_inzerce-1024x372.png 1024w, https://www.pediatrics.cz/content/uploads/2025/10/vinor_inzerce-300x109.png 300w, https://www.pediatrics.cz/content/uploads/2025/10/vinor_inzerce-768x279.png 768w, https://www.pediatrics.cz/content/uploads/2025/10/vinor_inzerce.png 1408w" sizes="auto, (max-width: 1024px) 100vw, 1024px" /></figure>



<p class="wp-block-paragraph"></p>



<hr class="block-separator has-alpha-channel-opacity"/>



<p class="wp-block-paragraph">Město Velké Bílovice hledá praktického lékaře pro děti a dorost. Nástup možný od ledna 2025. Více informací na banneru níže:</p>



<figure class="block-image aligncenter size-large is-resized is-style-default"><img loading="lazy" decoding="async" width="724" height="1024" src="https://www.pediatrics.cz/content/uploads/2024/11/mesto-velke-bilovice-hleda-pediatra-724x1024.jpg" alt="mesto velke bilovice hleda pediatra" class="wp-image-5759" style="width:332px;height:auto" srcset="https://www.pediatrics.cz/content/uploads/2024/11/mesto-velke-bilovice-hleda-pediatra-724x1024.jpg 724w, https://www.pediatrics.cz/content/uploads/2024/11/mesto-velke-bilovice-hleda-pediatra-212x300.jpg 212w, https://www.pediatrics.cz/content/uploads/2024/11/mesto-velke-bilovice-hleda-pediatra-768x1086.jpg 768w, https://www.pediatrics.cz/content/uploads/2024/11/mesto-velke-bilovice-hleda-pediatra-1086x1536.jpg 1086w, https://www.pediatrics.cz/content/uploads/2024/11/mesto-velke-bilovice-hleda-pediatra.jpg 1414w" sizes="auto, (max-width: 724px) 100vw, 724px" /></figure>



<p class="wp-block-paragraph"></p>



<hr class="block-separator has-alpha-channel-opacity"/>



<p class="wp-block-paragraph"><strong>Město Mohelnice nabízí pronájem prostor o výměře 80 m<sup>2</sup> v budově Nádražní 35 (Lékařský dům) ke zřízení a provozování ordinace praktického lékaře pro děti a dorost. </strong>Nabízíme rekonstrukci ordinace dle požadavků nájemce. Lékařský dům centralizuje větší část lékařské péče v Mohelnici. Dobrá dopravní dostupnost, bezproblémové parkování. Město Mohelnice má cca 10 tis. obyvatel, nachází se 30 km severně od Olomouce a nabízí velmi příznivé podmínky pro bydlení, zaměstnanost, kulturní a sportovní vyžití. Bližší informace poskytne Mgr. Kutalová, tel. 583 452 122, email: <a href="mailto:kutaloval@mohelnice.cz" target="_blank" rel="noreferrer noopener">kutaloval@mohelnice.cz</a>.</p>

<p>Obecná pravidla inzerce Každá žádost o inzerci či o spolupráci prochází schválením Výboru ČPS. Výbor ČPS si vyhrazuje [&hellip;]</p>
